{"id":7,"date":"2022-09-05T07:40:37","date_gmt":"2022-09-05T07:40:37","guid":{"rendered":"https:\/\/domainedesvitarelles.fr\/?page_id=7"},"modified":"2022-09-05T07:42:08","modified_gmt":"2022-09-05T07:42:08","slug":"bienvenue-en-dordogne-perigord","status":"publish","type":"page","link":"https:\/\/domainedesvitarelles.fr\/","title":{"rendered":"Bienvenue en DORDOGNE\/PERIGORD"},"content":{"rendered":"\n<figure class=\"wp-block-gallery has-nested-images columns-default is-cropped wp-block-gallery-1 is-layout-flex wp-block-gallery-is-layout-flex\">\n<figure class=\"wp-block-image size-large\"><img loading=\"lazy\" decoding=\"async\" width=\"826\" height=\"548\" data-id=\"11\" src=\"https:\/\/domainedesvitarelles.fr\/wp-content\/uploads\/2022\/09\/domme.jpg\" alt=\"\" class=\"wp-image-11\" srcset=\"https:\/\/domainedesvitarelles.fr\/wp-content\/uploads\/2022\/09\/domme.jpg 826w, https:\/\/domainedesvitarelles.fr\/wp-content\/uploads\/2022\/09\/domme-300x199.jpg 300w, https:\/\/domainedesvitarelles.fr\/wp-content\/uploads\/2022\/09\/domme-768x510.jpg 768w\" sizes=\"auto, (max-width: 767px) 89vw, (max-width: 1000px) 54vw, (max-width: 1071px) 543px, 580px\" \/><\/figure>\n\n\n\n<figure class=\"wp-block-image size-large\"><img loading=\"lazy\" decoding=\"async\" width=\"626\" height=\"417\" data-id=\"12\" src=\"https:\/\/domainedesvitarelles.fr\/wp-content\/uploads\/2022\/09\/milandes.webp\" alt=\"\" class=\"wp-image-12\" srcset=\"https:\/\/domainedesvitarelles.fr\/wp-content\/uploads\/2022\/09\/milandes.webp 626w, https:\/\/domainedesvitarelles.fr\/wp-content\/uploads\/2022\/09\/milandes-300x200.webp 300w\" sizes=\"auto, (max-width: 626px) 100vw, 626px\" \/><\/figure>\n\n\n\n<figure class=\"wp-block-image size-large\"><img loading=\"lazy\" decoding=\"async\" width=\"626\" height=\"352\" data-id=\"13\" src=\"https:\/\/domainedesvitarelles.fr\/wp-content\/uploads\/2022\/09\/dordogne.jpg\" alt=\"\" class=\"wp-image-13\" srcset=\"https:\/\/domainedesvitarelles.fr\/wp-content\/uploads\/2022\/09\/dordogne.jpg 626w, https:\/\/domainedesvitarelles.fr\/wp-content\/uploads\/2022\/09\/dordogne-300x169.jpg 300w\" sizes=\"auto, (max-width: 626px) 100vw, 626px\" \/><\/figure>\n<\/figure>\n\n\n\n<hr class=\"wp-block-separator has-alpha-channel-opacity\"\/>\n\n\n\n<div class=\"wp-block-media-text alignwide is-stacked-on-mobile\"><figure class=\"wp-block-media-text__media\"><img loading=\"lazy\" decoding=\"async\" width=\"640\" height=\"441\" src=\"https:\/\/domainedesvitarelles.fr\/wp-content\/uploads\/2022\/09\/bv0000493.jpg\" alt=\"\" class=\"wp-image-8 size-full\" srcset=\"https:\/\/domainedesvitarelles.fr\/wp-content\/uploads\/2022\/09\/bv0000493.jpg 640w, https:\/\/domainedesvitarelles.fr\/wp-content\/uploads\/2022\/09\/bv0000493-300x207.jpg 300w\" sizes=\"auto, (max-width: 640px) 100vw, 640px\" \/><\/figure><div class=\"wp-block-media-text__content\">\n<p>La propri\u00e9t\u00e9 se trouve pr\u00e8s du bourg de Cladech, en plein coeur du triangle d&rsquo;or du P\u00e9rigord Noir, non loin de tous les sites et points d&rsquo;int\u00e9r\u00eat principaux de cette belle r\u00e9gion.<\/p>\n\n\n\n<p>(Commerces, march\u00e9s, restaurants, ch\u00e2teaux, grottes, sites pr\u00e9historiques, descentes en cano\u00eb, plages, randonn\u00e9es, \u00e9quitation, tennis, golfs, bowling, billards, air parcs, VTT, vols en montgolfi\u00e8re ou avion pour survoler la r\u00e9gion,&nbsp; etc.)<\/p>\n<\/div><\/div>\n\n\n\n<div class=\"wp-block-media-text alignwide has-media-on-the-right is-stacked-on-mobile\"><figure class=\"wp-block-media-text__media\"><img loading=\"lazy\" decoding=\"async\" width=\"640\" height=\"441\" src=\"https:\/\/domainedesvitarelles.fr\/wp-content\/uploads\/2022\/09\/bv000016.jpg\" alt=\"\" class=\"wp-image-9 size-full\" srcset=\"https:\/\/domainedesvitarelles.fr\/wp-content\/uploads\/2022\/09\/bv000016.jpg 640w, https:\/\/domainedesvitarelles.fr\/wp-content\/uploads\/2022\/09\/bv000016-300x207.jpg 300w\" sizes=\"auto, (max-width: 640px) 100vw, 640px\" \/><\/figure><div class=\"wp-block-media-text__content\">\n<p>Cette ancienne b\u00e2tisse en pierre et ses poutres apparentes a \u00e9t\u00e9 enti\u00e8rement r\u00e9nov\u00e9e pour le plus grand confort de tous et de toutes, elle poss\u00e8de une capacit\u00e9 d&rsquo;accueil de dix personnes avec ses cinq chambres.<\/p>\n\n\n\n<p>L&rsquo;une d&rsquo;entre elles a \u00e9t\u00e9 am\u00e9nag\u00e9e dans ce four \u00e0 pain d&rsquo;autrefois.<\/p>\n<\/div><\/div>\n\n\n\n<div class=\"wp-block-media-text alignwide is-stacked-on-mobile\"><figure class=\"wp-block-media-text__media\"><img loading=\"lazy\" decoding=\"async\" width=\"640\" height=\"498\" src=\"https:\/\/domainedesvitarelles.fr\/wp-content\/uploads\/2022\/09\/bv000043.jpg\" alt=\"\" class=\"wp-image-10 size-full\" srcset=\"https:\/\/domainedesvitarelles.fr\/wp-content\/uploads\/2022\/09\/bv000043.jpg 640w, https:\/\/domainedesvitarelles.fr\/wp-content\/uploads\/2022\/09\/bv000043-300x233.jpg 300w\" sizes=\"auto, (max-width: 640px) 100vw, 640px\" \/><\/figure><div class=\"wp-block-media-text__content\">\n<p>Une grande terrasse avec barbecue et tout le mobilier de jardin n\u00e9cessaire vous offre un coin ombrag\u00e9 \u00e0 l&rsquo;abri d&rsquo;un fr\u00eane centenaire.<\/p>\n\n\n\n<p>La situation id\u00e9ale de cette maison, sur un terrain de vingt hectares de champs et de bois, vous garantit des vacances au calme dans cette si pris\u00e9e campagne du P\u00e9rigord noir.<\/p>\n<\/div><\/div>\n","protected":false},"excerpt":{"rendered":"<p>La propri\u00e9t\u00e9 se trouve pr\u00e8s du bourg de Cladech, en plein coeur du triangle d&rsquo;or du P\u00e9rigord Noir, non loin de tous les sites et points d&rsquo;int\u00e9r\u00eat principaux de cette belle r\u00e9gion. (Commerces, march\u00e9s, restaurants, ch\u00e2teaux, grottes, sites pr\u00e9historiques, descentes en cano\u00eb, plages, randonn\u00e9es, \u00e9quitation, tennis, golfs, bowling, billards, air parcs, VTT, vols en montgolfi\u00e8re &hellip; <\/p>\n<p class=\"link-more\"><a href=\"https:\/\/domainedesvitarelles.fr\/\" class=\"more-link\">Continuer la lecture<span class=\"screen-reader-text\"> de &laquo;&nbsp;Bienvenue en DORDOGNE\/PERIGORD&nbsp;&raquo;<\/span><\/a><\/p>\n","protected":false},"author":1,"featured_media":0,"parent":0,"menu_order":0,"comment_status":"closed","ping_status":"closed","template":"","meta":{"footnotes":""},"class_list":["post-7","page","type-page","status-publish","hentry"],"_links":{"self":[{"href":"https:\/\/domainedesvitarelles.fr\/index.php\/wp-json\/wp\/v2\/pages\/7","targetHints":{"allow":["GET"]}}],"collection":[{"href":"https:\/\/domainedesvitarelles.fr\/index.php\/wp-json\/wp\/v2\/pages"}],"about":[{"href":"https:\/\/domainedesvitarelles.fr\/index.php\/wp-json\/wp\/v2\/types\/page"}],"author":[{"embeddable":true,"href":"https:\/\/domainedesvitarelles.fr\/index.php\/wp-json\/wp\/v2\/users\/1"}],"replies":[{"embeddable":true,"href":"https:\/\/domainedesvitarelles.fr\/index.php\/wp-json\/wp\/v2\/comments?post=7"}],"version-history":[{"count":2,"href":"https:\/\/domainedesvitarelles.fr\/index.php\/wp-json\/wp\/v2\/pages\/7\/revisions"}],"predecessor-version":[{"id":15,"href":"https:\/\/domainedesvitarelles.fr\/index.php\/wp-json\/wp\/v2\/pages\/7\/revisions\/15"}],"wp:attachment":[{"href":"https:\/\/domainedesvitarelles.fr\/index.php\/wp-json\/wp\/v2\/media?parent=7"}],"curies":[{"name":"wp","href":"https:\/\/api.w.org\/{rel}","templated":true}]}}