{"id":72,"date":"2022-09-05T09:24:52","date_gmt":"2022-09-05T09:24:52","guid":{"rendered":"https:\/\/domainedesvitarelles.fr\/?page_id=72"},"modified":"2022-09-05T09:24:52","modified_gmt":"2022-09-05T09:24:52","slug":"alentours","status":"publish","type":"page","link":"https:\/\/domainedesvitarelles.fr\/index.php\/alentours\/","title":{"rendered":"Alentours"},"content":{"rendered":"\n<h2 class=\"wp-block-heading\">Ch\u00e2teau de Beynac<\/h2>\n\n\n\n<div class=\"wp-block-media-text alignwide is-stacked-on-mobile\"><figure class=\"wp-block-media-text__media\"><img loading=\"lazy\" decoding=\"async\" width=\"626\" height=\"417\" src=\"https:\/\/domainedesvitarelles.fr\/wp-content\/uploads\/2022\/09\/beynac-1.webp\" alt=\"\" class=\"wp-image-74 size-full\" srcset=\"https:\/\/domainedesvitarelles.fr\/wp-content\/uploads\/2022\/09\/beynac-1.webp 626w, https:\/\/domainedesvitarelles.fr\/wp-content\/uploads\/2022\/09\/beynac-1-300x200.webp 300w\" sizes=\"auto, (max-width: 626px) 100vw, 626px\" \/><\/figure><div class=\"wp-block-media-text__content\">\n<p>C&rsquo;est sans doute depuis le cours de la Dordogne que la forteresse appara\u00eet la plus impressionnante. Perch\u00e9e sur un piton rocheux inaccessible qu&rsquo;elle semble prolonger dans un m\u00eame \u00e9lan vertical, elle dresse sa haute silhouette au-dessus de la petite commune de Beynac-et-Cazenac.<br>\u00a0 \u00a0 \u00a0 \u00a0 \u00a0 Elle d\u00e9fie depuis des si\u00e8cles sa rivale plant\u00e9e sur la rive gauche de la Dordogne : la place de Castelnaud.<\/p>\n<\/div><\/div>\n\n\n\n<h2 class=\"wp-block-heading\">Ch\u00e2teau de Castelnaud<\/h2>\n\n\n\n<div class=\"wp-block-media-text alignwide has-media-on-the-right is-stacked-on-mobile\"><figure class=\"wp-block-media-text__media\"><img loading=\"lazy\" decoding=\"async\" width=\"826\" height=\"551\" src=\"https:\/\/domainedesvitarelles.fr\/wp-content\/uploads\/2022\/09\/castelnaud.jpg\" alt=\"\" class=\"wp-image-75 size-full\" srcset=\"https:\/\/domainedesvitarelles.fr\/wp-content\/uploads\/2022\/09\/castelnaud.jpg 826w, https:\/\/domainedesvitarelles.fr\/wp-content\/uploads\/2022\/09\/castelnaud-300x200.jpg 300w, https:\/\/domainedesvitarelles.fr\/wp-content\/uploads\/2022\/09\/castelnaud-768x512.jpg 768w\" sizes=\"auto, (max-width: 767px) 89vw, (max-width: 1000px) 54vw, (max-width: 1071px) 543px, 580px\" \/><\/figure><div class=\"wp-block-media-text__content\">\n<p>Juch\u00e9 \u00e0 flanc de colline sur la rive gauche de la rivi\u00e8re, Castelnaud domine le petit bourg lov\u00e9 \u00e0 ses pieds. Ses anciens propri\u00e9taires, vassaux des rois d&rsquo;Angleterre, s&rsquo;oppos\u00e8rent longtemps \u00e0 leurs voisins, les sires de Beynac, fid\u00e8les aux rois de France. Si les protagonistes de ces lointaines querelles ont tous disparu, les deux forteresses poursuivent toujours leur immuable face \u00e0 face, comme un d\u00e9fi min\u00e9ral \u00e0 l&rsquo;oubli et aux outrages du temps.<\/p>\n<\/div><\/div>\n\n\n\n<h2 class=\"wp-block-heading\">Ch\u00e2teau des Milandes<\/h2>\n\n\n\n<div class=\"wp-block-media-text alignwide is-stacked-on-mobile\"><figure class=\"wp-block-media-text__media\"><img loading=\"lazy\" decoding=\"async\" width=\"626\" height=\"417\" src=\"https:\/\/domainedesvitarelles.fr\/wp-content\/uploads\/2022\/09\/milandes-1.webp\" alt=\"\" class=\"wp-image-77 size-full\" srcset=\"https:\/\/domainedesvitarelles.fr\/wp-content\/uploads\/2022\/09\/milandes-1.webp 626w, https:\/\/domainedesvitarelles.fr\/wp-content\/uploads\/2022\/09\/milandes-1-300x200.webp 300w\" sizes=\"auto, (max-width: 626px) 100vw, 626px\" \/><\/figure><div class=\"wp-block-media-text__content\">\n<p>\u00a0\u00a0 Le ch\u00e2teau est ind\u00e9niablement li\u00e9 \u00e0 son illustre propri\u00e9taire qu&rsquo;\u00e9tait Jos\u00e9phine Baker ! Au fil de la visite, les pi\u00e8ces content au visiteur les p\u00e9riodes incontournables de sa vie. Entre autres, le visiteur peut d\u00e9couvrir la fameuse ceinture de bananes port\u00e9e en 1928 aux Folies Berg\u00e8re ; des tenues de sc\u00e8ne de l&rsquo;Olympia ou du Casino de Paris dans le grand salon du ch\u00e2teau, o\u00f9 tr\u00f4ne une chemin\u00e9e monumentale ;\u00a0 le courage de l&rsquo;artiste pendant la guerre, sa chambre, ses salles \u00e0 manger et sa cuisine. De nombreux meubles tr\u00e8s anciens ont \u00e9t\u00e9 retrouv\u00e9s qui ornent chaque pi\u00e8ce.<\/p>\n\n\n\n<p><\/p>\n<\/div><\/div>\n\n\n\n<h2 class=\"wp-block-heading\">Les Eyzies<\/h2>\n\n\n\n<div class=\"wp-block-media-text alignwide has-media-on-the-right is-stacked-on-mobile\"><figure class=\"wp-block-media-text__media\"><img loading=\"lazy\" decoding=\"async\" width=\"1024\" height=\"444\" src=\"https:\/\/domainedesvitarelles.fr\/wp-content\/uploads\/2022\/09\/eyzies-1024x444.jpg\" alt=\"\" class=\"wp-image-78 size-full\" srcset=\"https:\/\/domainedesvitarelles.fr\/wp-content\/uploads\/2022\/09\/eyzies-1024x444.jpg 1024w, https:\/\/domainedesvitarelles.fr\/wp-content\/uploads\/2022\/09\/eyzies-300x130.jpg 300w, https:\/\/domainedesvitarelles.fr\/wp-content\/uploads\/2022\/09\/eyzies-768x333.jpg 768w, https:\/\/domainedesvitarelles.fr\/wp-content\/uploads\/2022\/09\/eyzies.jpg 1500w\" sizes=\"auto, (max-width: 767px) 89vw, (max-width: 1000px) 54vw, (max-width: 1071px) 543px, 580px\" \/><\/figure><div class=\"wp-block-media-text__content\">\n<p>Les Eyzies, capitale de la Pr\u00e9histoire, au coeur du P\u00e9rigord Noir, situ\u00e9es sur la Vall\u00e9e de la V\u00e9z\u00e8re constituent un patrimoine d&rsquo;une exceptionnelle qualit\u00e9.<br>\u00a0 \u00a0 \u00a0 \u00a0 \u00a0 Son Mus\u00e9e National de Pr\u00e9histoire, ses grottes aux peintures rupestres (Font de Gaume), aux gravures (Combarelles et Bernifal) et aux sculptures (Cap Blanc) ainsi que ses gisements et habitats pr\u00e9historiques (Laugerie Haute, Laugerie Basse, Abri Pataud, Le Poisson et La Micoque) vous permettront de remonter le fil du temps.<br>Les grottes \u00e0 cristallisations (Grand Roc), c\u00e9l\u00e8bres pour leur diversit\u00e9, l&rsquo;excentricit\u00e9 des concr\u00e9tions vous \u00e9tonneront.<br>\u00a0 \u00a0 \u00a0 \u00a0 \u00a0 Venez profiter du calme et de la douceur de vivre aux Eyzies et d\u00e9couvrir la nature et les sites les plus secrets, \u00e0 pied, \u00e0 cheval ou en cano\u00eb.<br>\u00a0 \u00a0 \u00a0 \u00a0 \u00a0 Des sentiers de randonn\u00e9es ont \u00e9t\u00e9 balis\u00e9s et am\u00e9nag\u00e9s afin d&rsquo;observer le paysage et la rivi\u00e8re depuis le haut des falaises.\u00a0<\/p>\n<\/div><\/div>\n\n\n\n<h2 class=\"wp-block-heading\">Sarlat<\/h2>\n\n\n\n<div class=\"wp-block-media-text alignwide is-stacked-on-mobile\"><figure class=\"wp-block-media-text__media\"><img loading=\"lazy\" decoding=\"async\" width=\"1024\" height=\"683\" src=\"https:\/\/domainedesvitarelles.fr\/wp-content\/uploads\/2022\/09\/sarlat-dordogne-france-2-1455171-1024x683.jpg\" alt=\"\" class=\"wp-image-79 size-full\" srcset=\"https:\/\/domainedesvitarelles.fr\/wp-content\/uploads\/2022\/09\/sarlat-dordogne-france-2-1455171-1024x683.jpg 1024w, https:\/\/domainedesvitarelles.fr\/wp-content\/uploads\/2022\/09\/sarlat-dordogne-france-2-1455171-300x200.jpg 300w, https:\/\/domainedesvitarelles.fr\/wp-content\/uploads\/2022\/09\/sarlat-dordogne-france-2-1455171-768x512.jpg 768w, https:\/\/domainedesvitarelles.fr\/wp-content\/uploads\/2022\/09\/sarlat-dordogne-france-2-1455171-1536x1024.jpg 1536w, https:\/\/domainedesvitarelles.fr\/wp-content\/uploads\/2022\/09\/sarlat-dordogne-france-2-1455171.jpg 1800w\" sizes=\"auto, (max-width: 767px) 89vw, (max-width: 1000px) 54vw, (max-width: 1071px) 543px, 580px\" \/><\/figure><div class=\"wp-block-media-text__content\">\n<p>Sarlat devint une cit\u00e9 au 8e si\u00e8cle. Pendant la guerre de Cent ans la ville constitua une Fronti\u00e8re entre Rois de France et d&rsquo;Angleterre. Sarlat devint anglaise en 1360 puis fut lib\u00e9r\u00e9e dix ans plus tard par Du Guesclin.<br>\u00a0 \u00a0 \u00a0 \u00a0 \u00a0 Capitale du P\u00e9rigord Noir, Sarlat est une ville exceptionnellement pr\u00e9serv\u00e9e. Elle est riche d&rsquo;un patrimoine de 1.000 ans d&rsquo;architecture qui vivent au d\u00e9tour des ruelles et des cours.<br>\u00a0 \u00a0 \u00a0 \u00a0 \u00a0 Les nombreux toits de lauzes (pierres) ou encore les murs de pierres blondes, les tourelles et fen\u00eatres \u00e0 meneaux donnent \u00e0 la cit\u00e9 une tonalit\u00e9 bien particuli\u00e8re qui respire tant l&rsquo;\u00e9l\u00e9gance que la s\u00e9r\u00e9nit\u00e9.<\/p>\n<\/div><\/div>\n\n\n\n<h2 class=\"wp-block-heading\">La Gastronomie<\/h2>\n\n\n\n<div class=\"wp-block-media-text alignwide has-media-on-the-right is-stacked-on-mobile\"><figure class=\"wp-block-media-text__media\"><img loading=\"lazy\" decoding=\"async\" width=\"800\" height=\"532\" src=\"https:\/\/domainedesvitarelles.fr\/wp-content\/uploads\/2022\/09\/gastronomie.jpeg\" alt=\"\" class=\"wp-image-80 size-full\" srcset=\"https:\/\/domainedesvitarelles.fr\/wp-content\/uploads\/2022\/09\/gastronomie.jpeg 800w, https:\/\/domainedesvitarelles.fr\/wp-content\/uploads\/2022\/09\/gastronomie-300x200.jpeg 300w, https:\/\/domainedesvitarelles.fr\/wp-content\/uploads\/2022\/09\/gastronomie-768x511.jpeg 768w\" sizes=\"auto, (max-width: 767px) 89vw, (max-width: 1000px) 54vw, (max-width: 1071px) 543px, 580px\" \/><\/figure><div class=\"wp-block-media-text__content\">\n<p>Truffes, foies gras, c\u00e8pes, girolles et morilles, noix, confits et charcuteries fines de campagne, ch\u00e2taignes, fraises, liqueurs et eaux de vie\u2026 sont quelques uns des plus beaux fleurons d&rsquo;une cuisine de gourmets.<br>\u00a0 \u00a0 \u00a0 \u00a0 \u00a0 Sur cette terre\u00a0 du \u00ab\u00a0Bien Vivre\u00a0\u00bb, dans un esprit convivial, les recettes paysannes se sont transmises de g\u00e9n\u00e9ration en g\u00e9n\u00e9ration et ont contribu\u00e9 \u00e0 une r\u00e9putation gastronomique qui justifie \u00e0 elle seule l&rsquo;afflux des visiteurs du monde entier.<\/p>\n<\/div><\/div>\n","protected":false},"excerpt":{"rendered":"<p>Ch\u00e2teau de Beynac C&rsquo;est sans doute depuis le cours de la Dordogne que la forteresse appara\u00eet la plus impressionnante. Perch\u00e9e sur un piton rocheux inaccessible qu&rsquo;elle semble prolonger dans un m\u00eame \u00e9lan vertical, elle dresse sa haute silhouette au-dessus de la petite commune de Beynac-et-Cazenac.\u00a0 \u00a0 \u00a0 \u00a0 \u00a0 Elle d\u00e9fie depuis des si\u00e8cles sa &hellip; <\/p>\n<p class=\"link-more\"><a href=\"https:\/\/domainedesvitarelles.fr\/index.php\/alentours\/\" class=\"more-link\">Continuer la lecture<span class=\"screen-reader-text\"> de &laquo;&nbsp;Alentours&nbsp;&raquo;<\/span><\/a><\/p>\n","protected":false},"author":1,"featured_media":0,"parent":0,"menu_order":0,"comment_status":"closed","ping_status":"closed","template":"","meta":{"footnotes":""},"class_list":["post-72","page","type-page","status-publish","hentry"],"_links":{"self":[{"href":"https:\/\/domainedesvitarelles.fr\/index.php\/wp-json\/wp\/v2\/pages\/72","targetHints":{"allow":["GET"]}}],"collection":[{"href":"https:\/\/domainedesvitarelles.fr\/index.php\/wp-json\/wp\/v2\/pages"}],"about":[{"href":"https:\/\/domainedesvitarelles.fr\/index.php\/wp-json\/wp\/v2\/types\/page"}],"author":[{"embeddable":true,"href":"https:\/\/domainedesvitarelles.fr\/index.php\/wp-json\/wp\/v2\/users\/1"}],"replies":[{"embeddable":true,"href":"https:\/\/domainedesvitarelles.fr\/index.php\/wp-json\/wp\/v2\/comments?post=72"}],"version-history":[{"count":1,"href":"https:\/\/domainedesvitarelles.fr\/index.php\/wp-json\/wp\/v2\/pages\/72\/revisions"}],"predecessor-version":[{"id":81,"href":"https:\/\/domainedesvitarelles.fr\/index.php\/wp-json\/wp\/v2\/pages\/72\/revisions\/81"}],"wp:attachment":[{"href":"https:\/\/domainedesvitarelles.fr\/index.php\/wp-json\/wp\/v2\/media?parent=72"}],"curies":[{"name":"wp","href":"https:\/\/api.w.org\/{rel}","templated":true}]}}